{"id":15591,"date":"2015-12-29T10:39:05","date_gmt":"2015-12-29T09:39:05","guid":{"rendered":"http:\/\/www.at-store.at\/?page_id=15591"},"modified":"2025-05-27T17:51:45","modified_gmt":"2025-05-27T15:51:45","slug":"a-t-store","status":"publish","type":"page","link":"https:\/\/www.at-store.at\/?page_id=15591","title":{"rendered":"STORE"},"content":{"rendered":"\n<div class=\"wp-container-1 wp-block-group\"><div class=\"wp-block-group__inner-container\">\n<p style=\"text-align: center;\">Unser Concept Store ist klein und fein. Er befindet sich in der wundersch\u00f6nen Linzer Altstadt am etwas ruhiger gelegenen Hofberg &#8211; unweit vom Hauptplatz Linz entfernt. Wir lieben den pers\u00f6nlichen Austausch und freuen uns \u00fcber jeden Besuch hier bei uns! Bis dahin sagen wir wie immer:<\/p>\n<p style=\"text-align: center;\">Come in and find out,<br \/>Hallo aus dem A\/T STORE!<\/p>\n<\/div><\/div>\n\n\n\n<figure class=\"wp-block-gallery has-nested-images columns-default is-cropped\">\n<figure class=\"wp-block-image size-large is-style-default\"><img loading=\"lazy\" width=\"1024\" height=\"768\" data-id=\"16371\"  src=\"https:\/\/www.at-store.at\/wp-content\/uploads\/2025\/05\/hp6-1024x768.jpg\" alt=\"\" class=\"wp-image-16371\" srcset=\"https:\/\/www.at-store.at\/wp-content\/uploads\/2025\/05\/hp6-1024x768.jpg 1024w, https:\/\/www.at-store.at\/wp-content\/uploads\/2025\/05\/hp6-300x225.jpg 300w, https:\/\/www.at-store.at\/wp-content\/uploads\/2025\/05\/hp6-768x576.jpg 768w, https:\/\/www.at-store.at\/wp-content\/uploads\/2025\/05\/hp6-1536x1152.jpg 1536w, https:\/\/www.at-store.at\/wp-content\/uploads\/2025\/05\/hp6-2048x1536.jpg 2048w, https:\/\/www.at-store.at\/wp-content\/uploads\/2025\/05\/hp6-1140x855.jpg 1140w, https:\/\/www.at-store.at\/wp-content\/uploads\/2025\/05\/hp6-600x450.jpg 600w\" sizes=\"(max-width: 1024px) 100vw, 1024px\" \/><\/figure>\n<\/figure>\n\n\n\n<figure class=\"wp-block-gallery has-nested-images columns-default is-cropped\">\n<figure class=\"wp-block-image size-large\"><img loading=\"lazy\" width=\"768\" height=\"1024\" data-id=\"16364\"  src=\"https:\/\/www.at-store.at\/wp-content\/uploads\/2025\/05\/HP-768x1024.jpg\" alt=\"\" class=\"wp-image-16364\" srcset=\"https:\/\/www.at-store.at\/wp-content\/uploads\/2025\/05\/HP-768x1024.jpg 768w, https:\/\/www.at-store.at\/wp-content\/uploads\/2025\/05\/HP-225x300.jpg 225w, https:\/\/www.at-store.at\/wp-content\/uploads\/2025\/05\/HP-1152x1536.jpg 1152w, https:\/\/www.at-store.at\/wp-content\/uploads\/2025\/05\/HP-1536x2048.jpg 1536w, https:\/\/www.at-store.at\/wp-content\/uploads\/2025\/05\/HP-1140x1520.jpg 1140w, https:\/\/www.at-store.at\/wp-content\/uploads\/2025\/05\/HP-600x800.jpg 600w, https:\/\/www.at-store.at\/wp-content\/uploads\/2025\/05\/HP-scaled.jpg 1920w\" sizes=\"(max-width: 768px) 100vw, 768px\" \/><\/figure>\n\n\n\n<figure class=\"wp-block-image size-large is-style-default\"><img loading=\"lazy\" width=\"776\" height=\"1024\" data-id=\"16375\"  src=\"https:\/\/www.at-store.at\/wp-content\/uploads\/2025\/05\/hp4-2-776x1024.jpg\" alt=\"\" class=\"wp-image-16375\" srcset=\"https:\/\/www.at-store.at\/wp-content\/uploads\/2025\/05\/hp4-2-776x1024.jpg 776w, https:\/\/www.at-store.at\/wp-content\/uploads\/2025\/05\/hp4-2-227x300.jpg 227w, https:\/\/www.at-store.at\/wp-content\/uploads\/2025\/05\/hp4-2-768x1014.jpg 768w, https:\/\/www.at-store.at\/wp-content\/uploads\/2025\/05\/hp4-2-600x792.jpg 600w, https:\/\/www.at-store.at\/wp-content\/uploads\/2025\/05\/hp4-2.jpg 1125w\" sizes=\"(max-width: 776px) 100vw, 776px\" \/><figcaption>Processed with VSCO with al3 preset<\/figcaption><\/figure>\n\n\n\n<figure class=\"wp-block-image size-large\"><img loading=\"lazy\" width=\"768\" height=\"1024\" data-id=\"16368\"  src=\"https:\/\/www.at-store.at\/wp-content\/uploads\/2025\/05\/hp5-1-768x1024.jpg\" alt=\"\" class=\"wp-image-16368\" srcset=\"https:\/\/www.at-store.at\/wp-content\/uploads\/2025\/05\/hp5-1-768x1024.jpg 768w, https:\/\/www.at-store.at\/wp-content\/uploads\/2025\/05\/hp5-1-225x300.jpg 225w, https:\/\/www.at-store.at\/wp-content\/uploads\/2025\/05\/hp5-1-1152x1536.jpg 1152w, https:\/\/www.at-store.at\/wp-content\/uploads\/2025\/05\/hp5-1-1536x2048.jpg 1536w, https:\/\/www.at-store.at\/wp-content\/uploads\/2025\/05\/hp5-1-1140x1520.jpg 1140w, https:\/\/www.at-store.at\/wp-content\/uploads\/2025\/05\/hp5-1-600x800.jpg 600w, https:\/\/www.at-store.at\/wp-content\/uploads\/2025\/05\/hp5-1-scaled.jpg 1920w\" sizes=\"(max-width: 768px) 100vw, 768px\" \/><\/figure>\n<\/figure>\n\n\n\n<div class=\"wp-container-2 wp-block-group\"><div class=\"wp-block-group__inner-container\"><\/div><\/div>\n\n\n\n<div class=\"wp-container-3 wp-block-group\"><div class=\"wp-block-group__inner-container\"><\/div><\/div>\n\n\n\n<p><\/p>\n","protected":false},"excerpt":{"rendered":"<p>Unser Concept Store ist klein und fein. Er befindet sich in der wundersch\u00f6nen Linzer Altstadt am etwas ruhiger gelegenen Hofberg &#8211; unweit vom Hauptplatz Linz entfernt. Wir lieben den pers\u00f6nlichen Austausch und freuen uns \u00fcber jeden Besuch hier bei uns! Bis dahin sagen wir wie immer: Come in and find out,Hallo aus dem A\/T STORE!<\/p>\n","protected":false},"author":2,"featured_media":0,"parent":0,"menu_order":0,"comment_status":"closed","ping_status":"closed","template":"","meta":[],"_links":{"self":[{"href":"https:\/\/www.at-store.at\/index.php?rest_route=\/wp\/v2\/pages\/15591"}],"collection":[{"href":"https:\/\/www.at-store.at\/index.php?rest_route=\/wp\/v2\/pages"}],"about":[{"href":"https:\/\/www.at-store.at\/index.php?rest_route=\/wp\/v2\/types\/page"}],"author":[{"embeddable":true,"href":"https:\/\/www.at-store.at\/index.php?rest_route=\/wp\/v2\/users\/2"}],"replies":[{"embeddable":true,"href":"https:\/\/www.at-store.at\/index.php?rest_route=%2Fwp%2Fv2%2Fcomments&post=15591"}],"version-history":[{"count":13,"href":"https:\/\/www.at-store.at\/index.php?rest_route=\/wp\/v2\/pages\/15591\/revisions"}],"predecessor-version":[{"id":16376,"href":"https:\/\/www.at-store.at\/index.php?rest_route=\/wp\/v2\/pages\/15591\/revisions\/16376"}],"wp:attachment":[{"href":"https:\/\/www.at-store.at\/index.php?rest_route=%2Fwp%2Fv2%2Fmedia&parent=15591"}],"curies":[{"name":"wp","href":"https:\/\/api.w.org\/{rel}","templated":true}]}}